5*l**2 - l. Suppose 3*c - 174 = -18*z + 15*z, 5*z - 326 = 4*c. What is the remainder when z is divided by h(-1)?
14
Let v = -11 - -13. What is the remainder when v is divided by 2?
0
Let j(u) = 2*u**3 + u**2 - u + 2. Suppose 0 = 2*p - 0*p. Calculate the remainder when j(3) is divided by 23 - (2 - (p + 0)).
20
Let b be 1*(3/(-3) + -8). Let u(c) = -c**3 - 8*c**2 + 9*c + 13. Let a be u(b). Let v = a - 5. Calculate the remainder when 23 is divided by v.
7
Let c = 15 - 6. Suppose -a = 4*a. Suppose 0 = -4*q - a*q + 104. What is the remainder when q is divided by c?
8
Suppose 2*t - u - 3*u - 32 = 0, 21 = t - 3*u. Suppose -i - 2 = 0, 4*k - 8*i - 62 = -3*i. Calculate the remainder when 4*(-1)/(-1)*t is divided by k.
11
Let q(y) = y + 2. Let a be q(2). Suppose 29 = a*z - 3. What is the remainder when 23 is divided by z?
7
Suppose j = 4*j - 186. Suppose 3*u - 58 = 5*h, -h = u - 2 - 12. What is the remainder when j is divided by u?
14
Let z(m) = -17*m - 1. Suppose -3*g + 3 = -0*g. Let j be z(g). Calculate the remainder when 10 is divided by 7*-1*j/21.
4
Let n be (3/2)/((-6)/(-200)). Suppose 3*r - 5*t = 72, n = -4*r + 6*r - 4*t. What is the remainder when r is divided by 3/1*(-20)/(-6)?
9
Suppose -4*w - 5*b = 12 + 4, 0 = -5*w - 5*b - 20. Let k = -19 + 25. Calculate the remainder when k is divided by (-1 - w) + 1 + 0.
2
Let n(i) = -i**3 + 9*i**2 + 9*i + 10. Let d be n(10). Let z(r) = -r**2 + r + 10. Calculate the remainder when 18 is divided by z(d).
8
Let o = -1 - -7. Calculate the remainder when (36/(-15))/((-9)/60) is divided by o.
4
Suppose v = -2 + 4. Suppose 4*p - 15 = -3*s, -v*s + 4*p + 25 = 3*s. Suppose 30 = 5*n - s. What is the remainder when n is divided by 4?
3
Suppose 0*s + 36 = 3*s. Let c = s + -7. Calculate the remainder when 9 is divided by c.
4
Suppose 33 = 6*y - 33. What is the remainder when 20 is divided by y?
9
Suppose 3*y - 16 = 2*d, -3*d = 5*y - 3 - 11. Calculate the remainder when y is divided by ((-7)/(-14))/(2/12).
1
Let b(u) = u**3 + 0 - 3 - 8*u**2 - 1 + 2*u + 3. Calculate the remainder when 44 is divided by b(8).
14
Suppose 3*y - 4 = -3*k + 65, -5*y + 145 = -k. Suppose 5*q - 77 = 2*p - 3*p, -26 = -2*q + 2*p. What is the remainder when y is divided by q?
13
Let t be -3 - 1/1 - -1. Let j(s) = -4*s + 4. Calculate the remainder when j(t) is divided by -2 + -1 - (-14 - -5).
4
Let l = -23 - -7. Let w = -3 - l. Calculate the remainder when 10*4/(-16)*-10 is divided by w.
12
Let k(z) = -2*z**3 + 2*z + 3. Let l be (3/5 + -1)*5. What is the remainder when k(l) is divided by 9?
6
Let z(v) = 4*v + 7*v**2 + 5*v - 5*v - 1 - v**3. Let h = 20 - 6. Calculate the remainder when z(7) is divided by h.
13
Let z be 2/8 - 3/12. Suppose -d + 1 = -2*d, 0 = -4*i + d + 29. Calculate the remainder when 20/(z - (-4 - -3)) is divided by i.
6
Let u = 7 + 4. What is the remainder when 31 is divided by u?
9
Let k be (0 + 2)/2*0. Suppose -4*j + 140 = -k*j. Calculate the remainder when j is divided by 2 + -1*3 + 13.
11
Suppose 7*x + 4*q - 124 = 3*x, -3*x = q - 95. What is the remainder when 53 is divided by x?
21
Suppose -3*y + 47 + 16 = 0. What is the remainder when 41 is divided by y?
20
Suppose 2*i - 3*i + 9 = 0. Let v = -55 + 81. Calculate the remainder when v is divided by i.
8
Let k(h) = 23*h**2 - h. Let g be k(1). Let v = g - 9. Calculate the remainder when 24 is divided by v.
11
Suppose -w - 64 = -5*w. Suppose 5*m - w = m. Calculate the remainder when m is divided by 1.
0
Let x = 3 - 0. Suppose -293 = p - 4*t, -p + x*p + 3*t + 542 = 0. What is the remainder when (-6)/33 + p/(-11) is divided by 13?
12
Let t be (-96)/(-7) + (-16)/(-56). Let z = -11 + t. What is the remainder when (-2)/8 - 42/(-8) is divided by z?
2
Suppose 4*m = -3*d + 11, -3*m + d = -d - 4. Suppose m*w = 39 - 11. Calculate the remainder when w is divided by 4.
2
Let o = -35 + 57. Let s(r) = r**2 - r + 2. Calculate the remainder when o is divided by s(-2).
6
Let j = 105 - 204. Let u = 142 + j. What is the remainder when u is divided by 15?
13
Let d = 43 + -33. What is the remainder when 18 is divided by d?
8
Let s = 9 + 3. What is the remainder when 33 is divided by s?
9
Let v(x) = x**3 + 12*x**2 - 8*x - 23. Calculate the remainder when v(-11) is divided by 27.
24
Suppose -4*i + 5*i = 4*j - 2, 57 = 4*i - 3*j. Let f = i + 15. Calculate the remainder when f is divided by 3/4*16*1.
9
Let x = -97 - -208. Suppose 4*d + x = 7*d. Calculate the remainder when d is divided by 19.
18
Suppose i - 2*p - 20 = 3*p, -71 = -5*i - 4*p. What is the remainder when i is divided by 3?
0
Let y(c) = 2*c + 2. Let f = -22 + 14. Let s = 14 + f. What is the remainder when y(4) is divided by s?
4
Let g(h) = -h**3 - 6*h**2 + 6*h + 5. Let d be g(-7). Let z(v) = d*v - 10 - 4*v - 1 + v**2. What is the remainder when 16 is divided by z(-10)?
7
Calculate the remainder when 28 is divided by 9 + 4/(4/3).
4
Let o = 31 + -15. What is the remainder when 61 is divided by o?
13
What is the remainder when 9 + -6 + (78 - -3)/3 is divided by 4?
2
Let i be (2 - 2)/(3 - 2). Suppose i*k + 3504 = -4*k. What is the remainder when (-2)/5 - k/15 is divided by 20?
18
Let y(j) = 2*j**2 + 5*j + 2. What is the remainder when y(-5) is divided by 7?
6
Let t = -4 + 13. Suppose 0 = -4*b - 7 - 25. Let x = b + 25. Calculate the remainder when x is divided by t.
8
Let g = -20 - -10. Let p = g + -8. Let m = -6 - p. Calculate the remainder when 23 is divided by m.
11
Let k be (-1 + 0)/((-4)/236). Let m = -35 + k. What is the remainder when m is divided by 13?
11
Suppose 4*d = -5*u - d - 145, 5*d - 115 = 5*u. Let c = -13 - u. Calculate the remainder when c is divided by (-7)/14 + 22/4.
3
Suppose -3*q - 2*q = 0. Suppose q = -z - z + 116. Let d = 30 - 15. Calculate the remainder when z is divided by d.
13
Suppose 108 = 3*j + 48. What is the remainder when j is divided by 2?
0
Suppose -4*c + 61 = k + 22, 3*k = -3*c + 18. Let h = 32 + -12. Calculate the remainder when h is divided by c.
9
Suppose -2*r = 2*r - 52. Calculate the remainder when (1 - -26) + -1*(2 + 1) is divided by r.
11
Let t = 71 - 32. What is the remainder when t is divided by 12?
3
Let j(a) = a**2 - 3*a + 1. Let s = 122 + -52. Suppose -b = -5*x + 3*b + s, -2*b + 14 = x. What is the remainder when x is divided by j(4)?
4
Suppose -2*o - i = -5*i - 10, o + 4*i + 7 = 0. Let u(k) = 25*k**2. Calculate the remainder when u(o) is divided by 13.
12
Calculate the remainder when 62 is divided by 156/8 + (-6)/(-4).
20
Let y = -54 - -106. Calculate the remainder when y is divided by 27.
25
Suppose -10*m = -13*m + 27. What is the remainder when 53 is divided by m?
8
Let p(r) = 2*r**3 + 4*r**2 + 19*r + 6. Let q(n) = -3*n**3 - 6*n**2 - 29*n - 9. Let j(t) = -8*p(t) - 5*q(t). Calculate the remainder when j(-3) is divided by 7.
6
Suppose 0 = 2*z + 2*z - 32. Let o(w) = -w + 11. Let n be o(z). Suppose -4*k - 66 = -5*p, 13 + 40 = 4*p - n*k. Calculate the remainder when p is divided by 8.
6
Suppose 3*w = 7 + 2. Suppose 0*y = w*y + 5*h - 30, 3*y - 3 = 4*h. Calculate the remainder when 49/((y + -3)/2) is divided by 17.
15
Suppose 0 = -4*q + 2*q + 134. What is the remainder when q is divided by (12 - -2)*1 + 0/(-1)?
11
Let n = -16 + 32. Let x = -10 - -14. Suppose -36 = -0*s - x*s. What is the remainder when n is divided by s?
7
Let r = 13 + -7. What is the remainder when r is divided by ((-4)/(-8) - 1)*-8?
2
Suppose -8*l + 8 = -24. Suppose 2*w + 10 = 4*q, -2*w - q = -0*w - 5. Suppose -2*f - w + 7 = 0. What is the remainder when l is divided by f?
1
Let r be 20/4*(1 + 0). Let x = r - 1. Suppose -4 - 11 = -3*u, x*u - 80 = -3*w. Calculate the remainder when w is divided by 7.
6
Let c = 101 - 72. Calculate the remainder when 113 is divided by c.
26
Let t = -20 + 14. Suppose 0 = 3*h + 2*d + 38, 10 = 2*h + 3*d + 37. What is the remainder when 41 is divided by t/4 + (-186)/h?
13
Suppose 2*g = 4*g - 8. Let c = g + -4. Suppose c = 2*x - j - 19, 5*x + 0*j - 35 = 5*j. What is the remainder when 21 is divided by x?
9
Let z(h) = 6*h - 6. Let b = 8 + -3. Calculate the remainder when z(b) is divided by 13.
11
Let i(r) = r + 2. Calculate the remainder when 21 is divided by i(9).
10
Let i = -4 - -11. Let u = 56 - 15. Let a = u - 28. What is the remainder when a is divided by i?
6
Let d(i) = -3*i**2 + 2*i + 8. Let m(w) = -3*w**2 + 